 by 20.
5
Let y = -13 - -22. Calculate the remainder when 78 is divided by 1068/54 + 2/y.
18
Suppose 4 = t - 1. Let q = t - -18. What is the remainder when q is divided by 8?
7
Let x be 3 + (-3 - (2 - 4)). Let z = x + 8. What is the remainder when (3/(-4))/((-2)/104) is divided by z?
9
Let x be (0 + 1)/((-2)/102). Let l = x - -28. What is the remainder when (4/(-2))/(2/l) is divided by 6?
5
Let a(x) = -22*x - 13. What is the remainder when a(-4) is divided by 19?
18
Let g be 3*2/(-6)*-3. Suppose -g*z + 7 = -35. Calculate the remainder when 39 is divided by z.
11
Let p = 8 - 0. Let i(k) = k**2 - 5*k - 8. What is the remainder when 30 is divided by i(p)?
14
Let m = 7 + 8. Calculate the remainder when 29 is divided by m.
14
Suppose 2*z - 82 = -74. Suppose -3*s - 9 = 6, 4*s = 5*p - 65. Suppose 5*c + p = i, 3*i - 5*c = 5*i - 33. Calculate the remainder when i is divided by z.
2
Let p be (-77)/(-2) - 2/(-4). What is the remainder when 49 is divided by 1/(81/p + -2)?
10
Let z be 6/(-9)*(-3)/(-2). Calculate the remainder when 1 is divided by z*(-4 - -2) - 1.
0
Suppose -p + 5*p = -4*a + 32, -26 = -4*p + 2*a. Suppose -2*i - 285 = -p*i. Let r = i + -41. What is the remainder when 47 is divided by r?
15
Suppose 0 = 4*m - 4*y - 84, 3*m = -y - 2*y + 69. What is the remainder when 87 is divided by m?
21
Suppose d = 2*r + r - 168, 5*d = 0. Calculate the remainder when r is divided by 9.
2
Suppose 5*p = 9*p - 8. Let h = 2 + p. Calculate the remainder when 6 is divided by h.
2
Let o = -42 + 59. Let w(r) = r + 64. Let i be w(0). Suppose -4*t + 2*t + i = 0. Calculate the remainder when t is divided by o.
15
Let m(k) = -19*k + 140. Suppose 58 = 4*b + 2. What is the remainder when m(6) is divided by b?
12
Let f be 3/6 - 26/4. Let o be (-23)/(-1) + f + 4. What is the remainder when 30 is divided by (-140)/o*(-6)/5?
6
Let p(m) = m**2 + 7*m - 6 + 11 + 3. Let u(j) = -j**2 - 2*j - 3. Let d be u(-3). Calculate the remainder when 3 is divided by p(d).
1
Suppose 2*k - 5*n = -n + 66, -5*n + 40 = k. Let o = k + 14. Calculate the remainder when o is divided by 13.
10
Suppose -2*l = -4*l + 4. Suppose 4*m - l*f - 40 = 0, -m + 17 = 5*f - 2*f. Let y = 35 + 7. Calculate the remainder when y is divided by m.
9
Let h(v) = 10*v - 1. What is the remainder when 17 is divided by h(1)?
8
What is the remainder when 36 is divided by (8/20)/((-6)/(-195))?
10
Suppose -5*y - i = 10 + 6, -16 = -4*i. Let u(b) = b**3 + 3*b**2 - 5*b - 1. What is the remainder when (2/6)/(8/72) is divided by u(y)?
0
Let y(x) = -3*x + 0*x + x - 4*x. What is the remainder when y(-5) is divided by 11?
8
Suppose 0 = 5*z + 4*b + 2, -5*z - b = -4 + 12. Let r(j) = 2*j**3 - j**2 + 1. Calculate the remainder when 0 + 10/(-4)*z is divided by r(1).
1
Suppose 14*p - 2*p - 324 = 0. What is the remainder when p is divided by 7?
6
Let k be (3 + -2)/(2/4). Suppose 2*f = 10, -10 - 6 = -b + k*f. What is the remainder when b is divided by -4 - -3 - 0 - -15?
12
Let a = -144 + 191. Calculate the remainder when 92 is divided by a.
45
Let k be -5*((-3)/(-5) - 1). Suppose 2*t = -5*j - 0*t + 13, -k*j + 2*t + 8 = 0. Suppose 20 = j*u + 2. What is the remainder when 17 is divided by u?
5
Let x = -4 + 5. Let a = 38 + -21. What is the remainder when (0 - x)*0 + 65 is divided by a?
14
Suppose 3*m - 4*m + i + 1 = 0, 0 = 2*i - 2. Let n = 15 - m. What is the remainder when 23 is divided by n?
10
Suppose -2*n + 0*n + 216 = 0. What is the remainder when n is divided by 11?
9
Let w(t) = -t**2 - 14 + 22 + t**2 + 7*t - t**2. What is the remainder when 55 is divided by w(6)?
13
Let o(a) = -23*a**3 - 2*a - 1. Suppose -65 = -c - 4*v, 0*c + 5*v + 110 = 3*c. What is the remainder when c is divided by o(-1)?
21
Let d = 4 + -2. Let t = d + -2. Suppose -2*u - 89 = -5*o, -3*o + 55 = -t*u - 2*u. What is the remainder when o is divided by 9?
8
Let n(q) = 3*q + 2. Let i be n(2). Suppose 3*u + j = 21 + 1, 2*j = i. What is the remainder when 14/1 + (2 - 0) is divided by u?
4
Suppose w + 0*w = -s + 20, 0 = -5*w + 25. Let k = 299 + -122. Suppose -2*u = -2*f + 84, -4*f = 4*u + u - k. Calculate the remainder when f is divided by s.
13
Suppose -z + 3*z - 6 = 0. Suppose 0*v - 2*v + 26 = -3*f, 5*v + z*f = 107. Calculate the remainder when v is divided by 11.
8
Suppose 3*g = -8 + 2. Calculate the remainder when (-123)/(-6) - g/4 is divided by 11.
10
Suppose x = 44 + 17. Let w = -3 + 5. Suppose 40 = 2*f - w. What is the remainder when x is divided by f?
19
Suppose -5 = 5*u + 5. Calculate the remainder when u/(-4)*-1*-20 is divided by 4.
2
Suppose -i - 8 = -4*h, 7*i - 1 = 3*i + 5*h. Let u = 7 + i. Calculate the remainder when 31 is divided by u.
9
Let v = -22 - -40. What is the remainder when v is divided by 10?
8
Let o(f) = -f**2 + 3*f + 5. Let g be o(4). Let m = g + -5. Let c = 9 + m. Calculate the remainder when 9 is divided by c.
4
Let o be 2/11 - 36/(-44). Suppose -2*d + 3 + o = 0. What is the remainder when 2 is divided by d?
0
Let x(s) = s**2 - 9*s - 219. Let z = 2 - -1. Calculate the remainder when z is divided by x(20).
0
Let y = 274 - 152. Calculate the remainder when y is divided by 31.
29
Let w = -13 - -34. Suppose -13 = -5*l + f + w, 0 = l - f - 10. Calculate the remainder when 17 is divided by l.
5
Let k = 39 - -18. Let i = k - 13. Calculate the remainder when i is divided by 15.
14
Suppose -3*o - o = c - 248, 4*o - 240 = -3*c. Let l = o - -10. What is the remainder when l is divided by 19?
16
Let h(d) = -d**2 + 12*d - 9. What is the remainder when h(10) is divided by 3?
2
Let p = 2 + -1. Suppose 4*i - 4 = -0*i. Calculate the remainder when i is divided by p.
0
Suppose 0*y + 5*y = 0. Suppose -3*v = -y*v - 39. Calculate the remainder when 51 is divided by v.
12
Let h(x) = -5*x**3 + 2*x**2 + 2*x + 1. What is the remainder when 14 is divided by h(-1)?
2
Let n(w) = -5 - 3*w - 3*w + 4*w + w**2 + 8*w. Let d be n(-5). Let z = -4 - d. Calculate the remainder when 23 is divided by z.
5
Let v(l) = 4*l**3 + 4*l**2 - 3*l + 1. Suppose 81 - 6 = 5*q. What is the remainder when v(2) is divided by q?
13
Suppose -z + 35 = -3*o + 5*o, 2*o = -2. What is the remainder when z is divided by 20?
17
Suppose 0 = -5*o - b - 37 + 107, 5*o = -2*b + 65. Calculate the remainder when 73 is divided by o.
13
Let o = 18 + 0. What is the remainder when o is divided by 12?
6
Suppose 2*j + 12 = -3*n - 9, 36 = -5*j - 2*n. Let d(o) = -o**3 - 5*o**2 + 4*o + 8. Calculate the remainder when d(j) is divided by 7.
6
Let m be (-2)/(-4) - 9/(-6). Suppose m*p - 5*p + 63 = 0. What is the remainder when p - -3 - 0/2 is divided by 13?
11
Let h(x) = -10*x + 10. Let g(i) = 5*i - 5. Let p(r) = -5*g(r) - 3*h(r). What is the remainder when 57 is divided by p(5)?
17
Let q be (8/(-3))/((-2)/3). Let z be 64/q - (-1)/(-1). Suppose 6*a + 5*f = a + 45, 5*a = f + z. Calculate the remainder when 6 is divided by a.
2
Let w = 46 + -29. What is the remainder when 81 is divided by w?
13
Let k(q) = -5*q + 4. Calculate the remainder when (-22 + 2)*22/(-8) is divided by k(-3).
17
Let r = -6 + 6. Suppose 5*n + 4*f = -0*f + 65, -3*n - 2*f + 37 = r. Calculate the remainder when 34 is divided by n.
7
Suppose -2*l + 10 = y - 90, 4*y + 161 = 3*l. Suppose -18 = -j + 2*p, -4*j + 72 = -0*p - p. What is the remainder when l is divided by j?
15
Suppose 3*f - 24 = 57. Suppose 0 = q - f - 2. What is the remainder when q is divided by ((-45)/(-6) + 0)*(-16)/(-12)?
9
Let o(z) = 8 - z**3 - 7*z + 3*z**2 + 0*z**3 - z**2 + 6*z**2. Let m = 25 + -18. Calculate the remainder when 22 is divided by o(m).
6
What is the remainder when 82 is divided by 83/5 - 2/5*-1?
14
Suppose -4*x + 44 = 3*o, 9 = 2*o - x - 2. What is the remainder when 18 is divided by o?
2
Let h(c) be the third derivative of -c**4/24 - 3*c**2. Calculate the remainder when 26 is divided by h(-7).
5
Suppose i - 20 = -2*u + 3*i, -34 = -u - 5*i. What is the remainder when 54 is divided by u?
12
Suppose -2*z + 40 = 3*z - 5*v, -5*z + 2*v = -25. Suppose 0 = -z*c - 3*q, -3*c - 4*q = -6*c + 21. Calculate the remainder when 10 is divided by c.
1
Let r be 4/14 + (-160)/(-28). Let x(f) = -f**3 + 5*f**2 + 9*f - 7. Suppose 1 = -2*i + 9. Calculate the remainder when x(r) is divided by i.
3
Let k(g) = 8*g**2 - 4*g + 1. Let p be k(3). Suppose -5*u = 4*a - p, 23 = 4*u + a - 17. What is the remainder w